{"id":139,"date":"2024-04-03T22:09:57","date_gmt":"2024-04-03T22:09:57","guid":{"rendered":"http:\/\/mooslande.com\/?page_id=139"},"modified":"2025-11-26T14:27:56","modified_gmt":"2025-11-26T14:27:56","slug":"kritiken","status":"publish","type":"page","link":"https:\/\/mooslande.com\/fantasy\/thriller\/horror\/kritiken\/","title":{"rendered":"Kritiken"},"content":{"rendered":"<div class=\"wp-block-image\">\n<figure class=\"aligncenter size-large is-resized\"><img fetchpriority=\"high\" decoding=\"async\" width=\"1024\" height=\"802\" src=\"https:\/\/mooslande.com\/wp-content\/uploads\/2024\/04\/Schnatt-frei-1024x802.jpg\" alt=\"\" class=\"wp-image-152\" style=\"width:106px;height:auto\" srcset=\"https:\/\/mooslande.com\/wp-content\/uploads\/2024\/04\/Schnatt-frei-1024x802.jpg 1024w, https:\/\/mooslande.com\/wp-content\/uploads\/2024\/04\/Schnatt-frei-300x235.jpg 300w, https:\/\/mooslande.com\/wp-content\/uploads\/2024\/04\/Schnatt-frei-768x601.jpg 768w, https:\/\/mooslande.com\/wp-content\/uploads\/2024\/04\/Schnatt-frei-850x665.jpg 850w, https:\/\/mooslande.com\/wp-content\/uploads\/2024\/04\/Schnatt-frei.jpg 1229w\" sizes=\"(max-width: 1024px) 100vw, 1024px\" \/><\/figure><\/div>\n\n\n<p class=\"has-vivid-cyan-blue-color has-text-color has-link-color wp-elements-e4cb76ab42eff16ee15b7470850e1582\"><strong>Hier folgt eine kleine Auflistung von Rezensionen, die geneigte Leser*innen \u00fcber <em>Mooslande <\/em>Buch 1 verfasst haben.<\/strong><\/p>\n\n\n\n<p><a href=\"https:\/\/www.amazon.de\/gp\/profile\/amzn1.account.AHAREWDB4WXD7W22K7EDHHGGL27Q\/ref=cm_cr_dp_d_gw_tr?ie=UTF8\"><\/a><\/p>\n\n\n\n<p><a href=\"https:\/\/www.amazon.de\/gp\/profile\/amzn1.account.AHAREWDB4WXD7W22K7EDHHGGL27Q\/ref=cm_cr_dp_d_gw_tr?ie=UTF8\"><strong>Pia-Carmela K.<\/strong><\/a><\/p>\n\n\n\n<h5 class=\"wp-block-heading\"><a href=\"https:\/\/www.amazon.de\/gp\/customer-reviews\/R1LKUPDY6U3K7X\/ref=cm_cr_dp_d_rvw_ttl?ie=UTF8\"><em>5,0 von 5 Sternen<\/em> Mooslande &#8211; Wundersch\u00f6ne Welt<\/a><\/h5>\n\n\n\n<p>Bewertet in Deutschland am 13. Mai 2025<\/p>\n\n\n\n<p>Formatieren: Taschenbuch<a target=\"_blank\" rel=\"noreferrer noopener\" href=\"https:\/\/www.amazon.de\/gp\/help\/customer\/display.html\/ref=cm_cr_dp_d_rvw_avp?nodeId=G8UYX7LALQC8V9KA\">Verifizierter Kauf<\/a><\/p>\n\n\n\n<p>Der erste Band der Mooslande-Reihe hat mich positiv \u00fcberrascht. Obwohl ich normalerweise etwas l\u00e4nger f\u00fcr ein Buch brauche, war dieses in kurzer Zeit ausgelesen \u2013 was eindeutig f\u00fcr die fesselnde Erz\u00e4hlweise spricht. Der Schreibstil ist angenehm, leicht verst\u00e4ndlich und punktet mit einer guten Portion Humor, die den Charakter der Geschichte wunderbar unterstreicht.<br><br>Besonders gelungen ist die Mischung aus realer Welt und fantastischen Elementen. Die Vorstellung, durch einen Baum in eine andere Welt zu gelangen, hat etwas wunderbar Magisches. Auch der Spannungsbogen war durchweg \u00fcberzeugend, ohne langatmig zu werden. Die Beschreibungen der Welt und Ereignisse sind bildhaft, aber nicht \u00fcberladen, sodass man gut folgen kann \u2013 auch, wenn man sich leicht ablenken l\u00e4sst.<br><br>Ein echtes Highlight unter den Figuren ist Elphring \u2013 eine schillernde Pers\u00f6nlichkeit mit \u00fcberraschenden Entwicklungen, die das Ende besonders spannend gemacht haben. Der leichte Grusel, der immer wieder durchscheint, verleiht der Geschichte zus\u00e4tzlich eine besondere Note.<br><br>Insgesamt ein sehr gelungener Auftakt, der Lust auf mehr macht. Band 2 ist definitiv schon vorgemerkt!<\/p>\n\n\n\n<p><\/p>\n\n\n<div class=\"wp-block-image\">\n<figure class=\"aligncenter size-full is-resized\"><img decoding=\"async\" width=\"85\" height=\"41\" src=\"https:\/\/mooslande.com\/wp-content\/uploads\/2024\/04\/animiertes-katze-bild-0338.gif\" alt=\"\" class=\"wp-image-428\" style=\"width:104px;height:auto\"\/><\/figure><\/div>\n\n\n<p class=\"has-vivid-purple-color has-text-color has-link-color wp-elements-4a07c4877c073c71fd5bf762c4f45e62\"><strong>Monika A. &nbsp;&nbsp;&nbsp;&nbsp;&nbsp;&nbsp;&nbsp;&nbsp;&nbsp;&nbsp;&nbsp;&nbsp;&nbsp;&nbsp;&nbsp;&nbsp;&nbsp;&nbsp;&nbsp;&nbsp;&nbsp;&nbsp;&nbsp;&nbsp;&nbsp;&nbsp;&nbsp;&nbsp;&nbsp;&nbsp;&nbsp;&nbsp;&nbsp;&nbsp;&nbsp;&nbsp;&nbsp;&nbsp;&nbsp;&nbsp;&nbsp;&nbsp;&nbsp;&nbsp;&nbsp;&nbsp;&nbsp;&nbsp;&nbsp;&nbsp;&nbsp;&nbsp;&nbsp;&nbsp;&nbsp;&nbsp;&nbsp;&nbsp;&nbsp;&nbsp;&nbsp;&nbsp;&nbsp;&nbsp;&nbsp;&nbsp;&nbsp;&nbsp;&nbsp;&nbsp;&nbsp;&nbsp;&nbsp;&nbsp;&nbsp;&nbsp;&nbsp; im April 2024<\/strong><\/p>\n\n\n\n<p>Mit viel Phantasie, Liebe zum Detail, Humor, lebendigen Dialogen und Sprachwitz f\u00fchrt uns der Autor Wolfgang Palloks in seinem Erstlingswerk von der realen Welt in eine Phantasiewelt, die er liebevoll ausgestaltet. Die \u00dcberg\u00e4nge von der realen Welt in die Phantasiewelt sind flie\u00dfend und man sp\u00fcrt immer eine unterschwellige Spannung. Der Leser wird geschickt mit dem Hauptcharakter Robert Weininger in die magische Welt gezogen und lernt gleichsam mit diesem sich dort zurechtzufinden. Man trifft auf sehr sympathische Charaktere wie Schnatt oder auf unangenehme und gef\u00e4hrliche Zeitgenossen wie Gnorrfazz und Ilandria.<\/p>\n\n\n\n<p>Robert, seine Exfreundin Julia und deren vermisster Bruder Magnus m\u00fcssen in Mooslande spannende Abenteuer bestehen mit Hilfe von ihnen an die Seite gestellten Phantasiewesen, deren Namen herrliche Wortneusch\u00f6pfungen sind. Das ganze Geschehen kulminiert nat\u00fcrlich am Ende in einen Kampf zwischen Blaumooswelt und Eismooswelt, der am Ende von Band 1 nicht abgeschlossen ist und so gespannt sein l\u00e4sst, wie sich die Geschichte in Band 2 der Trilogie weiterentwickelt.<\/p>\n\n\n<div class=\"wp-block-image\">\n<figure class=\"aligncenter size-full is-resized\"><img decoding=\"async\" width=\"256\" height=\"144\" src=\"https:\/\/mooslande.com\/wp-content\/uploads\/2024\/06\/arrow-10664_256.gif\" alt=\"\" class=\"wp-image-531\" style=\"width:158px;height:auto\"\/><\/figure><\/div>\n\n\n<p class=\"has-vivid-green-cyan-color has-text-color has-link-color wp-elements-920410422236425bea235e96d9b9ce8c\"><strong><a href=\"https:\/\/www.amazon.de\/gp\/profile\/amzn1.account.AHR76VTRRJNFGVX4HNYS4SSSVCMA\/ref=cm_cr_dp_d_gw_tr?ie=UTF8\"><\/a><a href=\"https:\/\/www.amazon.de\/gp\/profile\/amzn1.account.AHR76VTRRJNFGVX4HNYS4SSSVCMA\/ref=cm_cr_dp_d_gw_tr?ie=UTF8\">DirsiFee (12.05.2024)<\/a><\/strong><\/p>\n\n\n\n<p class=\"has-vivid-green-cyan-color has-text-color has-link-color wp-elements-e6fc1117c5e442000e55853bd046b9cf\"><strong><a href=\"https:\/\/www.amazon.de\/gp\/customer-reviews\/R1KA0VGNTZJJGO\/ref=cm_cr_dp_d_rvw_ttl?ie=UTF8&amp;ASIN=3758331684\">Ein spannendes Lesevergn\u00fcgen<\/a><\/strong><\/p>\n\n\n\n<p>Mit seinem Erstlingswerk &#8222;Mooslande&#8220; gelingt es Wolfgang Palloks, einen spannenden Wechsel zwischen Phantasiewelt und realer Welt herzustellen. Dabei haben die beiden Welten eine wechselseitige Wirkung zueinander. Die Hauptfigur Robert Weininger wird zu Beginn des Romans in die Blaumooswelt gezogen. Im Laufe der Geschichte wird deutlich, dass Robert der einzige ist, der sich den zu bestehenden Abenteuern und zu l\u00f6senden R\u00e4tseln stellen kann. Auf seinem Weg findet er verschiedene liebenswerte und skurrile Wesen, die ihn begleiten und helfen. Mit dem Gnorrfazz trifft Robert zudem auf einen schwarzmagischen Gegenspieler, der sich ihm in den Weg stellt. Die Phantasiewelt ist unter anderem von sprechenden Tieren, Gestaltwandlern, Trollen, Hexen und Geifen bev\u00f6lkert.<br>Gleichzeitig begibt sich Roberts Exfreundin, Hauptkommissarin Julia Hansen aus Hamburg, auf die Suche nach ihrem verschollenen Bruder Magnus. Diese f\u00fchrt sie letztendlich ebenfalls nach Blaumooswelt. Ihre Freundin und Kollegin Anja Kolperting f\u00fchrt den Handlungsfaden in Hamburg fort und begegnet dabei der kampfstarken Hexe Ilandria.<br>Ein spannendes Lesevergn\u00fcgen, das mit seiner Mischung aus Fantasy, Thriller, Horror, Science-Fiction und einer Prise Humor begeistern kann<\/p>\n\n\n<div class=\"wp-block-image\">\n<figure class=\"aligncenter size-full is-resized\"><img loading=\"lazy\" decoding=\"async\" width=\"256\" height=\"256\" src=\"https:\/\/mooslande.com\/wp-content\/uploads\/2024\/06\/next-3259_256.gif\" alt=\"\" class=\"wp-image-533\" style=\"width:106px;height:auto\"\/><\/figure><\/div>\n\n\n<p><a href=\"https:\/\/www.amazon.de\/gp\/profile\/amzn1.account.AEVMXK2TCXVA32TNC3LCXRIEXE6A\/ref=cm_cr_dp_d_gw_tr?ie=UTF8\"><\/a><strong><a href=\"https:\/\/www.amazon.de\/gp\/profile\/amzn1.account.AEVMXK2TCXVA32TNC3LCXRIEXE6A\/ref=cm_cr_dp_d_gw_tr?ie=UTF8\">Hannah (30.05.2024)<\/a><\/strong><\/p>\n\n\n\n<p><strong><a href=\"https:\/\/www.amazon.de\/gp\/customer-reviews\/R19X6COG6PIK22\/ref=cm_cr_dp_d_rvw_ttl?ie=UTF8&amp;ASIN=3758331684\">Erwarte mit Spannung die Fortsetzung<\/a><\/strong><\/p>\n\n\n\n<p>Der Fantasy-Roman &#8222;Mooslande 1&#8220; von W. Palloks ist wahrlich ein Crossover-Projekt, vor allem in Bezug auf das Genre: Fantasie, Abenteuer, Mystik, Krimi, Thriller, ein wenig SF und Horror. Wer (Film)Fan von z. B. Harry Potter, Narnia, Star Trek, Star Wars, Herr der Ringe, Matrix oder Hellraiser ist, findet diese Welten als Konvolut in diesem Roman.<br>Zum Inhalt: Der Immobilienmakler Robert Weininger, Mitte 30, hat schon lange keine Objekte mehr ver\u00e4u\u00dfert, seine Partnerin hat sich von ihm getrennt, er ist mit sich unzufrieden, f\u00fchlt sich nicht mehr &#8222;zu Hause&#8220;. Er hat das Gef\u00fchl etwas erledigen zu m\u00fcssen, ohne eine Ahnung zu haben, was es sein k\u00f6nnte. Er bricht daher zu einer Wanderung in die Fr\u00e4nkische Schweiz nach Gro\u00dfbierseidel auf. Er fotografiert die Natur und gelangt \u00fcber eine Moos-Pilz-Aufnahme in die Blaumooswelt. Er f\u00fchlt sich dort wohl, trotz Unbehagens und Nichtbegreifens, wahrscheinlich deshalb, weil er von Elphring &#8222;seine Aufgabe&#8220; erf\u00e4hrt. Sie besteht darin, durch &#8222;aufmerksames Suchen und Entdecken herauszufinden, wozu das alles h i e r gut ist&#8220;, aber &#8222;&#8230; die Zeit dr\u00e4ngt und der Gnorfazz steht kurz bevor&#8220;. In dieser Welt begegnen ihm skurrile Figuren, einige arbeiten gegen ihn, andere helfen. Auch seine Ex-Freundin Julia, LKA-Beamtin, die nach vermissten Kindern sucht, dringt auf mysteri\u00f6s-witzige Weise in diese Welt ein.<br>Die reale Welt mit Polizei, LKA sowie Gesch\u00e4ftswelt und die Blaumooswelt wirken aufeinander: Geschieht in der einen etwas, zeigt sich das in der anderen Welt. Beide scheinen sich zu bedingen.<br>An diesem Roman gefiel mir sowohl die reale Crime-Thriller-Welt als auch die fantastische Blaumooswelt mit ihren sehr besonderen Figuren (allen voran Schnatt und die Schnecke Speedy Snail) und die aggressive, horrorm\u00e4\u00dfige Gnorrfazz-Welt. Sehr gut gefallen hat mir auch die anschauliche sprachliche Ausgestaltung der Welten und der Figuren &#8211; sie variiert, je nachdem wo man sich befindet und wer spricht.<br>Allerdings verlangt dieser Roman von mir als Leser auch einiges: So werden zu Beginn einige Figuren quasi vorgestellt &#8230; ohne Kontext. Au\u00dferdem haben fast alle Figuren ihre eigenen pers\u00f6nlichen Geschichten (was alleine mehrere B\u00fccher wert w\u00e4re), die unterbrochen erz\u00e4hlt werden. So wird man als Leser immer wieder aus einer Geschichte herausgerissen, muss wieder in eine andere Geschichte hineinkommen. Diese Geschichten sind so interessant und unterhaltsam, dass man fast den Hauptstrang vergisst &#8230; aber man wird von dem Autor stets wieder zur\u00fcckgef\u00fchrt.<br>Ich bin sehr gespannt, wohin die Reise Robert Weininger noch f\u00fchren wird. Wie wird es seinen Helfern und Feinden noch ergehen, wie l\u00f6sen sich die aufgeworfenen Fragen\/Probleme &#8230; finden sie zu einem Ganzen &#8230; und wo und wie wird diese Trilogie enden???<br>Herr Palloks, bitte rasch den n\u00e4chsten Teil!!!<\/p>\n\n\n<div class=\"wp-block-image\">\n<figure class=\"aligncenter size-full is-resized\"><img loading=\"lazy\" decoding=\"async\" width=\"90\" height=\"300\" src=\"https:\/\/mooslande.com\/wp-content\/uploads\/2024\/04\/animiertes-totenkopf-totenschaedel-bild-0083-1.gif\" alt=\"\" class=\"wp-image-501\" style=\"width:32px;height:auto\"\/><\/figure><\/div>\n\n\n<p class=\"has-black-color has-text-color has-link-color wp-elements-843db83d6e99221c743705b22249530b\"><strong>artemisia<\/strong><\/p>\n\n\n\n<p class=\"has-black-color has-text-color has-link-color wp-elements-a1bf8a9006e9b88c7a16f326289f72c3\"><a href=\"https:\/\/www.amazon.de\/gp\/customer-reviews\/R2RMQRHVB5V9JO\/ref=cm_cr_dp_d_rvw_ttl?ie=UTF8&amp;ASIN=3758331684\">Gute Mischung,<\/a> 3. Juli 2024<\/p>\n\n\n\n<p>Wenn man wie ich Fantasy, Science Fiction und Krimi mag, liegt man bei diesem Buch genau richtig! Die Mooswelt ist gespickt mit den abstrusesten Fantasiegestalten, absolute geniales Kopfkino ist garantiert! Die Handlung ist spannend, es gibt keine L\u00e4ngen und der hintersinnige, allgegenw\u00e4rtige Humor macht dieses Buch zu einem besonderen Leseerlebnis. Sehr empfehlenswert!<\/p>\n\n\n<div class=\"wp-block-image\">\n<figure class=\"aligncenter size-full is-resized\"><img loading=\"lazy\" decoding=\"async\" width=\"256\" height=\"256\" src=\"https:\/\/mooslande.com\/wp-content\/uploads\/2024\/04\/bird-10648_256.gif\" alt=\"\" class=\"wp-image-424\" style=\"width:128px;height:auto\"\/><\/figure><\/div>\n\n\n<p class=\"has-vivid-green-cyan-color has-text-color has-link-color wp-elements-aa1015a3397151b26f496e15bcc504d5\"><strong>MelChris, 1607.2024<\/strong><\/p>\n\n\n\n<p>Als Leserin, die in der Buchhaltung sicherlich nicht als erstes zu Fantasy greift, bin ich umso gl\u00fccklicher, \u201eMooslande\u201c gelesen haben zu d\u00fcrfen! <\/p>\n\n\n\n<p>Mit dem Roman ist Wolfgang Palloks eine bunte und mitrei\u00dfende Mischung aus Spannung, Liebe, Humor, Grusel und eben auch Fantasy gelungen, die einen definitiv nicht kalt lassen kann!<\/p>\n\n\n\n<p>Wenn man dann noch die erste literarische Begegnung mit der hinrei\u00dfenden Figur \u201eSchnatt\u201c macht, ist das Eis endg\u00fcltig gebrochen!<\/p>\n\n\n\n<p>Gl\u00fccklicherweise durfte ich schon eine H\u00f6rprobe des sich in Arbeit befindenden H\u00f6rspiels genie\u00dfen, auf welches ich mich sehr freue!<\/p>\n\n\n\n<p>Damit auch die n\u00e4chsten B\u00e4nde bald lesbar sind, hoffe ich auf eine gro\u00dfe Leserschaft und zahlreiche Fans dieser verr\u00fcckten und zauberhaften Welt, die W. Palloks mit seinem Deb\u00fct erschaffen hat!<\/p>\n\n\n\n<p>Chapeau!<\/p>\n\n\n<div class=\"wp-block-image\">\n<figure class=\"aligncenter size-full is-resized\"><img loading=\"lazy\" decoding=\"async\" width=\"256\" height=\"256\" src=\"https:\/\/mooslande.com\/wp-content\/uploads\/2024\/06\/wolf-3874_256.gif\" alt=\"\" class=\"wp-image-534\" style=\"width:150px;height:auto\"\/><\/figure><\/div>\n\n\n<p><strong>Hannelore B., 03.04.2024<\/strong><\/p>\n\n\n\n<p>Bei \u201eMooslande&#8220; handelt es sich um ein crossover aus fantasy, thriller, horror und science-fiction.<br>Die Geschichte entfaltet sich anfangs langsam, nimmt aber zusehends Fahrt auf.<br>Sie ist sprachlich manchmal etwas holprig mit vielen Fremdw\u00f6rtern gespickt, l\u00e4sst sich jedoch fl\u00fcssig lesen.<br>In \u201eMooslande&#8220; erwartet den Leser\/die Leserin ein Reihenauftakt voll spannender, unerwarteter Wendungen.<br>Der Autor schafft es zunehmend durch lautmalerische und zum Teil humorige Begriffe, die Atmosph\u00e4re des Buches zu vermitteln.<br>Der erste Band dieser Trilogie f\u00fchrte mich durch die verschiedenen Welten. Der Plot, der Spannungsbogen und die Charaktere wirken stimmig und haben mich mitgenommen.<br>Im letzten Kapitel gibt es einen Cliffhanger, der mich auf den n\u00e4chsten Band gespannt warten l\u00e4sst.<\/p>\n","protected":false},"excerpt":{"rendered":"<p>Hier folgt eine kleine Auflistung von Rezensionen, die geneigte Leser*innen \u00fcber Mooslande Buch 1 verfasst haben. Pia-Carmela K. 5,0 von 5 Sternen Mooslande &#8211; Wundersch\u00f6ne Welt Bewertet in Deutschland am 13. Mai 2025 Formatieren: TaschenbuchVerifizierter Kauf Der erste Band der Mooslande-Reihe hat mich positiv \u00fcberrascht. Obwohl ich normalerweise etwas l\u00e4nger f\u00fcr ein Buch brauche, war&#8230;<\/p>\n","protected":false},"author":1,"featured_media":0,"parent":0,"menu_order":0,"comment_status":"closed","ping_status":"closed","template":"","meta":{"footnotes":""},"class_list":["post-139","page","type-page","status-publish","hentry"],"_links":{"self":[{"href":"https:\/\/mooslande.com\/fantasy\/thriller\/horror\/wp-json\/wp\/v2\/pages\/139","targetHints":{"allow":["GET"]}}],"collection":[{"href":"https:\/\/mooslande.com\/fantasy\/thriller\/horror\/wp-json\/wp\/v2\/pages"}],"about":[{"href":"https:\/\/mooslande.com\/fantasy\/thriller\/horror\/wp-json\/wp\/v2\/types\/page"}],"author":[{"embeddable":true,"href":"https:\/\/mooslande.com\/fantasy\/thriller\/horror\/wp-json\/wp\/v2\/users\/1"}],"replies":[{"embeddable":true,"href":"https:\/\/mooslande.com\/fantasy\/thriller\/horror\/wp-json\/wp\/v2\/comments?post=139"}],"version-history":[{"count":13,"href":"https:\/\/mooslande.com\/fantasy\/thriller\/horror\/wp-json\/wp\/v2\/pages\/139\/revisions"}],"predecessor-version":[{"id":614,"href":"https:\/\/mooslande.com\/fantasy\/thriller\/horror\/wp-json\/wp\/v2\/pages\/139\/revisions\/614"}],"wp:attachment":[{"href":"https:\/\/mooslande.com\/fantasy\/thriller\/horror\/wp-json\/wp\/v2\/media?parent=139"}],"curies":[{"name":"wp","href":"https:\/\/api.w.org\/{rel}","templated":true}]}}