{"id":201,"date":"2024-04-08T14:51:05","date_gmt":"2024-04-08T14:51:05","guid":{"rendered":"https:\/\/mooslande.com\/?page_id=201"},"modified":"2024-04-23T15:15:34","modified_gmt":"2024-04-23T15:15:34","slug":"moosversum","status":"publish","type":"page","link":"https:\/\/mooslande.com\/fantasy\/thriller\/horror\/moosversum\/","title":{"rendered":"MoosVersuM"},"content":{"rendered":"\n<figure class=\"wp-block-image size-full is-resized\"><img fetchpriority=\"high\" decoding=\"async\" width=\"1229\" height=\"962\" src=\"https:\/\/mooslande.com\/wp-content\/uploads\/2024\/03\/Schnatt-frei-gespiegelt.jpeg\" alt=\"\" class=\"wp-image-86\" style=\"width:116px;height:auto\" srcset=\"https:\/\/mooslande.com\/wp-content\/uploads\/2024\/03\/Schnatt-frei-gespiegelt.jpeg 1229w, https:\/\/mooslande.com\/wp-content\/uploads\/2024\/03\/Schnatt-frei-gespiegelt-300x235.jpeg 300w, https:\/\/mooslande.com\/wp-content\/uploads\/2024\/03\/Schnatt-frei-gespiegelt-1024x802.jpeg 1024w, https:\/\/mooslande.com\/wp-content\/uploads\/2024\/03\/Schnatt-frei-gespiegelt-768x601.jpeg 768w, https:\/\/mooslande.com\/wp-content\/uploads\/2024\/03\/Schnatt-frei-gespiegelt-850x665.jpeg 850w\" sizes=\"(max-width: 1229px) 100vw, 1229px\" \/><\/figure>\n\n\n\n<p><strong>Wir k\u00f6nnen uns als Fans der Mooslande-Trilogie darauf verlassen, dass es wirklich nur diese drei Teile geben wird.<\/strong><\/p>\n\n\n\n<p><strong>ABER!!!<\/strong><\/p>\n\n\n\n<p class=\"has-white-color has-vivid-red-background-color has-text-color has-background has-link-color wp-elements-f931beae3437a97049ea9c79ed30f936\"><strong>Zus\u00e4tzlich und unabh\u00e4ngig davon, aber nat\u00fcrlich darauf aufbauend, wird es eine Geschichtensammlung namens MoosVersuM geben. Dort werden wir alte, lieb gewonnene Bekannte aus dem Mooslande-Universum treffen, die neue Abenteuer zu bestehen haben. Dar\u00fcber hinaus begegnen wir v\u00f6llig neuen Perspektiven der Mooslande. <\/strong><\/p>\n\n\n\n<p><strong>Man kann wirklich gespannt sein!<\/strong><\/p>\n\n\n\n<p><strong>Ver\u00f6ffentlichung: ???<\/strong><\/p>\n\n\n<div class=\"wp-block-image\">\n<figure class=\"alignright size-full is-resized\"><img decoding=\"async\" width=\"1229\" height=\"962\" src=\"https:\/\/mooslande.com\/wp-content\/uploads\/2024\/04\/Schnatt-frei.jpg\" alt=\"\" class=\"wp-image-152\" style=\"width:142px;height:auto\" srcset=\"https:\/\/mooslande.com\/wp-content\/uploads\/2024\/04\/Schnatt-frei.jpg 1229w, https:\/\/mooslande.com\/wp-content\/uploads\/2024\/04\/Schnatt-frei-300x235.jpg 300w, https:\/\/mooslande.com\/wp-content\/uploads\/2024\/04\/Schnatt-frei-1024x802.jpg 1024w, https:\/\/mooslande.com\/wp-content\/uploads\/2024\/04\/Schnatt-frei-768x601.jpg 768w, https:\/\/mooslande.com\/wp-content\/uploads\/2024\/04\/Schnatt-frei-850x665.jpg 850w\" sizes=\"(max-width: 1229px) 100vw, 1229px\" \/><\/figure><\/div>\n\n\n<p class=\"has-vivid-red-color has-black-background-color has-text-color has-background has-link-color wp-elements-21c9e762a48c38186a379e57616478f0\"><strong>Und dennoch: Es rockt gewaltig!!!<\/strong><\/p>\n\n\n\n<p><\/p>\n\n\n\n<figure class=\"wp-block-audio aligncenter\"><audio controls src=\"https:\/\/mooslande.com\/wp-content\/uploads\/2024\/04\/Moos.mp3\"><\/audio><\/figure>\n","protected":false},"excerpt":{"rendered":"<p>Wir k\u00f6nnen uns als Fans der Mooslande-Trilogie darauf verlassen, dass es wirklich nur diese drei Teile geben wird. ABER!!! Zus\u00e4tzlich und unabh\u00e4ngig davon, aber nat\u00fcrlich darauf aufbauend, wird es eine Geschichtensammlung namens MoosVersuM geben. Dort werden wir alte, lieb gewonnene Bekannte aus dem Mooslande-Universum treffen, die neue Abenteuer zu bestehen haben. Dar\u00fcber hinaus begegnen wir&#8230;<\/p>\n","protected":false},"author":1,"featured_media":0,"parent":0,"menu_order":0,"comment_status":"closed","ping_status":"closed","template":"","meta":{"footnotes":""},"class_list":["post-201","page","type-page","status-publish","hentry"],"_links":{"self":[{"href":"https:\/\/mooslande.com\/fantasy\/thriller\/horror\/wp-json\/wp\/v2\/pages\/201","targetHints":{"allow":["GET"]}}],"collection":[{"href":"https:\/\/mooslande.com\/fantasy\/thriller\/horror\/wp-json\/wp\/v2\/pages"}],"about":[{"href":"https:\/\/mooslande.com\/fantasy\/thriller\/horror\/wp-json\/wp\/v2\/types\/page"}],"author":[{"embeddable":true,"href":"https:\/\/mooslande.com\/fantasy\/thriller\/horror\/wp-json\/wp\/v2\/users\/1"}],"replies":[{"embeddable":true,"href":"https:\/\/mooslande.com\/fantasy\/thriller\/horror\/wp-json\/wp\/v2\/comments?post=201"}],"version-history":[{"count":10,"href":"https:\/\/mooslande.com\/fantasy\/thriller\/horror\/wp-json\/wp\/v2\/pages\/201\/revisions"}],"predecessor-version":[{"id":524,"href":"https:\/\/mooslande.com\/fantasy\/thriller\/horror\/wp-json\/wp\/v2\/pages\/201\/revisions\/524"}],"wp:attachment":[{"href":"https:\/\/mooslande.com\/fantasy\/thriller\/horror\/wp-json\/wp\/v2\/media?parent=201"}],"curies":[{"name":"wp","href":"https:\/\/api.w.org\/{rel}","templated":true}]}}