{"id":209,"date":"2024-04-08T21:50:55","date_gmt":"2024-04-08T21:50:55","guid":{"rendered":"https:\/\/mooslande.com\/?page_id=209"},"modified":"2024-04-09T22:47:34","modified_gmt":"2024-04-09T22:47:34","slug":"mooslande-buch-3","status":"publish","type":"page","link":"https:\/\/mooslande.com\/fantasy\/thriller\/horror\/mooslande-buch-3\/","title":{"rendered":"Mooslande Buch 3"},"content":{"rendered":"<div class=\"wp-block-image\">\n<figure class=\"aligncenter size-full is-resized\"><img decoding=\"async\" width=\"256\" height=\"144\" src=\"https:\/\/mooslande.com\/wp-content\/uploads\/2024\/04\/earth-6102_256.gif\" alt=\"\" class=\"wp-image-280\" style=\"width:322px;height:auto\"\/><\/figure><\/div>\n\n<div class=\"wp-block-image\">\n<figure class=\"alignright size-large is-resized\"><img fetchpriority=\"high\" decoding=\"async\" width=\"1024\" height=\"802\" src=\"https:\/\/mooslande.com\/wp-content\/uploads\/2024\/04\/Schnatt-frei-1024x802.jpg\" alt=\"\" class=\"wp-image-152\" style=\"width:111px;height:auto\" srcset=\"https:\/\/mooslande.com\/wp-content\/uploads\/2024\/04\/Schnatt-frei-1024x802.jpg 1024w, https:\/\/mooslande.com\/wp-content\/uploads\/2024\/04\/Schnatt-frei-300x235.jpg 300w, https:\/\/mooslande.com\/wp-content\/uploads\/2024\/04\/Schnatt-frei-768x601.jpg 768w, https:\/\/mooslande.com\/wp-content\/uploads\/2024\/04\/Schnatt-frei-850x665.jpg 850w, https:\/\/mooslande.com\/wp-content\/uploads\/2024\/04\/Schnatt-frei.jpg 1229w\" sizes=\"(max-width: 1024px) 100vw, 1024px\" \/><\/figure><\/div>\n\n\n<p><\/p>\n\n\n\n<p><strong>Unter dem Deckm\u00e4ntelchen der Verschwiegenheit wurde mir zugetragen, dass der Untertitel zu Band 3 der Mooslande-Trilogie <em>Sternenmagie <\/em>lauten wird. Es sind auch schon die ersten Kapitel geschrieben worden und es kommen st\u00e4ndig neue Ideen und coole Elemente hinzu. Es ist ganz sch\u00f6n aufregend, bei der Entwicklung und Umsetzung einer Romantrilogie so hautnah dabei sein zu d\u00fcrfen!!!<\/strong><\/p>\n\n\n<div class=\"wp-block-image\">\n<figure class=\"aligncenter size-large is-resized\"><img decoding=\"async\" width=\"724\" height=\"1024\" src=\"https:\/\/mooslande.com\/wp-content\/uploads\/2024\/04\/Mooslande-Buch-3-Front-Cover-724x1024.jpg\" alt=\"\" class=\"wp-image-254\" style=\"width:840px;height:auto\" srcset=\"https:\/\/mooslande.com\/wp-content\/uploads\/2024\/04\/Mooslande-Buch-3-Front-Cover-724x1024.jpg 724w, https:\/\/mooslande.com\/wp-content\/uploads\/2024\/04\/Mooslande-Buch-3-Front-Cover-212x300.jpg 212w, https:\/\/mooslande.com\/wp-content\/uploads\/2024\/04\/Mooslande-Buch-3-Front-Cover-768x1086.jpg 768w, https:\/\/mooslande.com\/wp-content\/uploads\/2024\/04\/Mooslande-Buch-3-Front-Cover-1086x1536.jpg 1086w, https:\/\/mooslande.com\/wp-content\/uploads\/2024\/04\/Mooslande-Buch-3-Front-Cover-1448x2048.jpg 1448w, https:\/\/mooslande.com\/wp-content\/uploads\/2024\/04\/Mooslande-Buch-3-Front-Cover-300x424.jpg 300w, https:\/\/mooslande.com\/wp-content\/uploads\/2024\/04\/Mooslande-Buch-3-Front-Cover-850x1202.jpg 850w, https:\/\/mooslande.com\/wp-content\/uploads\/2024\/04\/Mooslande-Buch-3-Front-Cover-scaled.jpg 1811w\" sizes=\"(max-width: 724px) 100vw, 724px\" \/><\/figure><\/div>\n\n\n<p class=\"has-text-align-center\"><strong>voraussichtliche Ver\u00f6ffentlichung: Anfang 2026<\/strong><\/p>\n","protected":false},"excerpt":{"rendered":"<p>Unter dem Deckm\u00e4ntelchen der Verschwiegenheit wurde mir zugetragen, dass der Untertitel zu Band 3 der Mooslande-Trilogie Sternenmagie lauten wird. Es sind auch schon die ersten Kapitel geschrieben worden und es kommen st\u00e4ndig neue Ideen und coole Elemente hinzu. Es ist ganz sch\u00f6n aufregend, bei der Entwicklung und Umsetzung einer Romantrilogie so hautnah dabei sein zu&#8230;<\/p>\n","protected":false},"author":1,"featured_media":0,"parent":0,"menu_order":0,"comment_status":"closed","ping_status":"closed","template":"","meta":{"footnotes":""},"class_list":["post-209","page","type-page","status-publish","hentry"],"_links":{"self":[{"href":"https:\/\/mooslande.com\/fantasy\/thriller\/horror\/wp-json\/wp\/v2\/pages\/209","targetHints":{"allow":["GET"]}}],"collection":[{"href":"https:\/\/mooslande.com\/fantasy\/thriller\/horror\/wp-json\/wp\/v2\/pages"}],"about":[{"href":"https:\/\/mooslande.com\/fantasy\/thriller\/horror\/wp-json\/wp\/v2\/types\/page"}],"author":[{"embeddable":true,"href":"https:\/\/mooslande.com\/fantasy\/thriller\/horror\/wp-json\/wp\/v2\/users\/1"}],"replies":[{"embeddable":true,"href":"https:\/\/mooslande.com\/fantasy\/thriller\/horror\/wp-json\/wp\/v2\/comments?post=209"}],"version-history":[{"count":8,"href":"https:\/\/mooslande.com\/fantasy\/thriller\/horror\/wp-json\/wp\/v2\/pages\/209\/revisions"}],"predecessor-version":[{"id":293,"href":"https:\/\/mooslande.com\/fantasy\/thriller\/horror\/wp-json\/wp\/v2\/pages\/209\/revisions\/293"}],"wp:attachment":[{"href":"https:\/\/mooslande.com\/fantasy\/thriller\/horror\/wp-json\/wp\/v2\/media?parent=209"}],"curies":[{"name":"wp","href":"https:\/\/api.w.org\/{rel}","templated":true}]}}