{"id":582,"date":"2025-04-03T12:49:57","date_gmt":"2025-04-03T12:49:57","guid":{"rendered":"https:\/\/mooslande.com\/fantasy\/thriller\/horror\/?page_id=582"},"modified":"2025-04-03T12:49:59","modified_gmt":"2025-04-03T12:49:59","slug":"interview","status":"publish","type":"page","link":"https:\/\/mooslande.com\/fantasy\/thriller\/horror\/interview\/","title":{"rendered":"Interview"},"content":{"rendered":"\n<p class=\"has-vivid-green-cyan-background-color has-background\"><strong>Im Folgenden ist ein Interview zu h\u00f6ren, das \u00fcber mein &#8222;Mooslande-Projekt&#8220; informiert und am 30.03.2025 in einem lokalen Radiosender ausgestrahlt wurde. <\/strong><\/p>\n\n\n\n<figure class=\"wp-block-audio\"><audio controls src=\"https:\/\/mooslande.com\/wp-content\/uploads\/2025\/04\/Mooslande-im-Interview.mp3\"><\/audio><\/figure>\n\n\n\n<p class=\"has-vivid-red-background-color has-background\"><strong>Wenn es keine Gema-Geb\u00fchren (die nat\u00fcrlich ihre absolute Berechtigung haben) g\u00e4be, w\u00e4ren in den Pausenf\u00fcllern folgende Musikst\u00fccke aus der originalen Radioausstrahlung zu h\u00f6ren. <\/strong><\/p>\n\n\n\n<p class=\"has-vivid-red-background-color has-background\"><strong>Also Augen zu und losh\u00f6ren!!<\/strong> <strong>Hier kommt die Playlist<\/strong>!!!<\/p>\n\n\n\n<p><strong>1) Thomas Fallschessel, Magic Moss (Ist immer zu h\u00f6ren, da das St\u00fcck extra f\u00fcr mich komponiert wurde! DANKE, Thomas!!!<\/strong>)<\/p>\n\n\n\n<p><strong>2) Iggy Pop, The Passenger<\/strong><\/p>\n\n\n\n<p><strong>3) John Miles, Music<\/strong><\/p>\n\n\n\n<p><strong>4) Volbeat, Tempel of Eukur<\/strong><\/p>\n\n\n\n<p><strong>5) Queen, It&#8217;s a kind of Magic<\/strong><\/p>\n\n\n\n<p><strong>6) Deep Purple, Space Rockin&#8216;<\/strong><\/p>\n\n\n\n<p><strong>7) Dimmu Borgir, Perfection or Vanity<\/strong><\/p>\n\n\n\n<p><strong> 8) Cher, If I could turn back Time<\/strong><\/p>\n\n\n\n<p><strong>9) Coldplay, Clocks<\/strong><\/p>\n\n\n\n<p> <strong>So weit, so gut, Leute, KEEP ON ROCKIN&#8216;!!!<\/strong><\/p>\n\n\n\n<p><strong> <\/strong><\/p>\n\n\n\n<p><\/p>\n","protected":false},"excerpt":{"rendered":"<p>Im Folgenden ist ein Interview zu h\u00f6ren, das \u00fcber mein &#8222;Mooslande-Projekt&#8220; informiert und am 30.03.2025 in einem lokalen Radiosender ausgestrahlt wurde. Wenn es keine Gema-Geb\u00fchren (die nat\u00fcrlich ihre absolute Berechtigung haben) g\u00e4be, w\u00e4ren in den Pausenf\u00fcllern folgende Musikst\u00fccke aus der originalen Radioausstrahlung zu h\u00f6ren. Also Augen zu und losh\u00f6ren!! Hier kommt die Playlist!!! 1) Thomas&#8230;<\/p>\n","protected":false},"author":1,"featured_media":0,"parent":0,"menu_order":0,"comment_status":"closed","ping_status":"closed","template":"","meta":{"footnotes":""},"class_list":["post-582","page","type-page","status-publish","hentry"],"_links":{"self":[{"href":"https:\/\/mooslande.com\/fantasy\/thriller\/horror\/wp-json\/wp\/v2\/pages\/582","targetHints":{"allow":["GET"]}}],"collection":[{"href":"https:\/\/mooslande.com\/fantasy\/thriller\/horror\/wp-json\/wp\/v2\/pages"}],"about":[{"href":"https:\/\/mooslande.com\/fantasy\/thriller\/horror\/wp-json\/wp\/v2\/types\/page"}],"author":[{"embeddable":true,"href":"https:\/\/mooslande.com\/fantasy\/thriller\/horror\/wp-json\/wp\/v2\/users\/1"}],"replies":[{"embeddable":true,"href":"https:\/\/mooslande.com\/fantasy\/thriller\/horror\/wp-json\/wp\/v2\/comments?post=582"}],"version-history":[{"count":4,"href":"https:\/\/mooslande.com\/fantasy\/thriller\/horror\/wp-json\/wp\/v2\/pages\/582\/revisions"}],"predecessor-version":[{"id":587,"href":"https:\/\/mooslande.com\/fantasy\/thriller\/horror\/wp-json\/wp\/v2\/pages\/582\/revisions\/587"}],"wp:attachment":[{"href":"https:\/\/mooslande.com\/fantasy\/thriller\/horror\/wp-json\/wp\/v2\/media?parent=582"}],"curies":[{"name":"wp","href":"https:\/\/api.w.org\/{rel}","templated":true}]}}